of 26821642?
6
What is the hundreds digit of 22028397?
3
What is the ten thousands digit of 156595769?
9
What is the tens digit of 54018259?
5
What is the thousands digit of 182555972?
5
What is the millions digit of 1825779976?
5
What is the millions digit of 59412131?
9
What is the ten millions digit of 2501572036?
0
What is the tens digit of 11125992?
9
What is the units digit of 3889828904?
4
What is the units digit of 2480204564?
4
What is the thousands digit of 3374665545?
5
What is the hundreds digit of 143187333?
3
What is the hundreds digit of 426567580?
5
What is the units digit of 115256030?
0
What is the thousands digit of 684813482?
3
What is the hundred thousands digit of 227206662?
2
What is the millions digit of 303568866?
3
What is the hundred thousands digit of 80290794?
2
What is the millions digit of 1295272649?
5
What is the ten thousands digit of 74409796?
0
What is the thousands digit of 15671619?
1
What is the hundred millions digit of 1347314476?
3
What is the hundred thousands digit of 9179209?
1
What is the hundred millions digit of 2548189604?
5
What is the hundred thousands digit of 1151717384?
7
What is the hundred thousands digit of 82731039?
7
What is the tens digit of 29945830?
3
What is the ten thousands digit of 121276380?
7
What is the ten thousands digit of 200185380?
8
What is the thousands digit of 648455952?
5
What is the hundred thousands digit of 559722113?
7
What is the units digit of 135445154?
4
What is the hundred millions digit of 552073810?
5
What is the thousands digit of 1555806051?
6
What is the millions digit of 86066223?
6
What is the hundreds digit of 1286632098?
0
What is the hundred millions digit of 1693446468?
6
What is the ten thousands digit of 141309881?
0
What is the thousands digit of 10440661?
0
What is the hundreds digit of 1054724853?
8
What is the tens digit of 152912410?
1
What is the units digit of 16175677?
7
What is the ten thousands digit of 146714300?
1
What is the hundred thousands digit of 45905184?
9
What is the ten thousands digit of 10364949?
6
What is the hundreds digit of 91337898?
8
What is the ten thousands digit of 1560782622?
8
What is the tens digit of 3162883734?
3
What is the ten millions digit of 10726554?
1
What is the ten millions digit of 147873939?
4
What is the thousands digit of 830537758?
7
What is the ten thousands digit of 6938870?
3
What is the thousands digit of 27888340?
8
What is the millions digit of 1701336730?
1
What is the hundred millions digit of 1459096927?
4
What is the hundreds digit of 5624522148?
1
What is the millions digit of 550411318?
0
What is the tens digit of 24092548?
4
What is the millions digit of 78425977?
8
What is the ten millions digit of 3410543901?
1
What is the millions digit of 150075724?
0
What is the thousands digit of 819126095?
6
What is the hundred millions digit of 1327486905?
3
What is the hundred millions digit of 398734106?
3
What is the hundred millions digit of 207339142?
2
What is the ten millions digit of 117722772?
1
What is the units digit of 1830107215?
5
What is the thousands digit of 965144502?
4
What is the hundreds digit of 33310323?
3
What is the ten millions digit of 25019235?
2
What is the tens digit of 78383968?
6
What is the ten thousands digit of 5499803?
9
What is the hundred millions digit of 1265933963?
2
What is the ten thousands digit of 981357161?
5
What is the billions digit of 1354062913?
1
What is the ten thousands digit of 998962261?
6
What is the hundred thousands digit of 19357877?
3
What is the units digit of 2002814635?
5
What is the hundreds digit of 363366527?
5
What is the millions digit of 12865285?
2
What is the millions digit of 558650771?
8
What is the hundred thousands digit of 1619408197?
4
What is the millions digit of 1147588627?
7
What is the tens digit of 1330415562?
6
What is the ten thousands digit of 32865822?
6
What is the millions digit of 2159666681?
9
What is the millions digit of 504351752?
4
What is the tens digit of 11693923?
2
What is the ten millions digit of 219543222?
1
What is the tens digit of 421610182?
8
What is the hundred thousands digit of 2537124729?
1
What is the ten thousands digit of 463885402?
8
What is the ten thousands digit of 828850409?
5
What is the hundred thousands digit of 137996364?
9
What is the units digit of 897355534?
4
What is the millions digit of 499483403?
9
What is the hundred thousands digit of 1608150817?
1
What is the hundreds digit of 114236233?
2
What is the hundred thousands digit of 3702762?
7
What is the ten thousands digit of 1633885669?
8
What is the hundred thousands digit of 123327098?
3
What is the hundred thousands digit of 568857464?
8
What is the ten millions digit of 46074591?
4
What is the millions digit of 646049076?
6
What is the tens digit of 34086950?
5
What is the millions digit of 53558571?
3
What is the ten thousands digit of 1291669911?
6
What is the units digit of 448016233?
3
What is the millions digit of 418383531?
8
What is the units digit of 11158970?
0
What is the thousands digit of 2132964950?
4
What is the hundreds digit of 140624237?
2
What is the hundreds digit of 2728613?
6
What is the hundreds digit of 15212712?
7
What is the units digit of 766446661?
1
What is the ten thousands digit of 1667531968?
3
What is the ten millions digit of 137112708?
3
What is the hundred thousands digit of 1027883?
0
What is the ten millions digit of 14107695?
1
What is the ten millions digit of 155072377?
5
What is the hundred millions digit of 263267222?
2
What is the units digit of 88013703?
3
What is the ten thousands digit of 216510900?
1
What is the hundred thousands digit of 63541765?
5
What is the hundred millions digit of 262974384?
2
What is the hundred thousands digit of 109588196?
5
What is the millions digit of 127669943?
7
What is the millions digit of 533597160?
3
What is the millions digit of 4743018314?
3
What is the hundreds digit of 28826061?
0
What is the ten thousands digit of 70705664?
0
What is the tens digit of 779591408?
0
What is the units digit of 2794251652?
2
What is the hundred millions digit of 4458061255?
4
What is the hundreds digit of 75846103?
1
What is the ten thousands digit of 7311746904?
4
What is the hundred thousands digit of 69536236?
5
What is the thousands digit of 178939932?
9
What is the ten millions digit of 118326166?
1
What is the hundred thousands digit of 61338341?
3
What is the hundred thousands digit of 154896795?
8
What is the ten millions digit of 16415842?
1
What is the tens digit of 80968531?
3
What is the millions digit of 164540197?
4
What is the ten thousands digit of 205533702?
3
What is the millions digit of 1530261608?
0
What is the millions digit of 368730352?
8
What is the tens digit of 6067731115?
1
What is the hundreds digit of 38227660?
6
What is the units digit of 385007063?
3
What is the hundreds digit of 33532817?
8
What is the millions digit of 108305061?
8
What is the hundred millions digit of 2975185516?
9
What is the ten thousands digit of 458087678?
8
What is the tens digit of 111489488?
8
What is the hundreds digit of 61126371?
3
What is the ten millions digit of 124281831?
2
What is the ten millions digit of 747476110?
4
What is the hundred millions digit of 155838400?
1
What is the ten thousands digit of 779899679?
9
What is the hundred thousands digit of 740668350?
6
What is the hundreds digit of 9143656?
6
What is the ten millions digit of 54034753?
5
What is the tens digit of 3059704610?
1
What is the units digit of 2429675734?
4
What is the thousands digit of 349617731?
7
What is the hundreds digit of 325513374?
3
What is the hundred thousands digit of 270902103?
9
What is the millions digit of 54181179?
4
What is the ten millions digit of 56867576?
5
What is the hundreds digit of 28249152?
1
What is the hundred thousands digit of 127049639?
0
What is the hundreds digit of 151354359?
3
What is the tens digit of 5521246?
4
What is the ten thousands digit of 2483667012?
6
What is the units digit of 930553218?
8
What is the tens digit of 35399829?
2
What is the ten millions digit of 28611586?
2
What is the ten millions digit of 1237567447?
3
What is the ten millions digit of 68847143?
6
What is the ten millions digit of 